 r.
31
Let z(s) = -6*s - 3. Let p(r) = r. Let x(u) = -5*p(u) + z(u). Let k be x(-3). Suppose -345 - 15 = -6*o. What is the greatest common factor of k and o?
30
Let q(h) = -h**3 + 7*h**2 + 7*h - 4. Let x be q(7). What is the highest common factor of x and 27?
9
Let t(r) = -12 + 5 + 6*r - 8 - 1. Let i be t(8). Calculate the greatest common factor of 4 and i.
4
Let g(z) = -z**3 - 9*z**2 - 12*z + 15. Let p be g(-7). What is the greatest common factor of p and 8?
1
Suppose -33 + 3 = -5*a. Let i(s) = -10*s + 2. Let q = -13 + 9. Let y be i(q). Calculate the greatest common factor of a and y.
6
Suppose -47 = 2*g - 131. Let k(q) = -25 + 20*q + 6 - 15 + 8*q**2 - 10*q**2. Let l be k(6). Calculate the greatest common divisor of l and g.
14
Let i = -21 - -119. What is the highest common factor of i and 56?
14
Let m(i) = -155*i - 280. Let c be m(-2). Let y be (4/5)/((-4)/(-50)). Calculate the highest common divisor of c and y.
10
Let i be -5 + (-472)/(-32)*4. Calculate the highest common factor of 306 and i.
18
Suppose 9*b = -10 + 73. Let s be (-117)/(-3) - (-3 + b). Calculate the greatest common factor of 7 and s.
7
Let h be 1765/15 + 3 + 2/(-3). Let m = -115 + h. Calculate the highest common factor of 30 and m.
5
Let z = 10 + -3. Suppose z*k = 2*k + 60. Calculate the highest common factor of 6 and k.
6
Suppose -4*q + 355 = -2*q - v, q + 4*v - 191 = 0. Suppose -3*a + q = 4*o, -2*o + 24 = -a - 63. Let g = 62 + -40. What is the greatest common divisor of o and g?
22
Let f(h) = h**3 - 31*h**2 - 32*h + 15. Let c be f(32). What is the highest common divisor of c and 20?
5
Suppose 8*w = 9*w + 12. Let o be w/(-36) - 208/(-6). Suppose 0 = g + g - 2*a - 18, -2*g + a + 23 = 0. What is the greatest common factor of o and g?
7
Let s = -5 - -15. Let o be ((-1701)/(-35))/9 - 14/35. What is the highest common factor of o and s?
5
Let q(j) = 37*j - 81. Let p be q(3). What is the greatest common divisor of p and 480?
30
Let g(d) = d**2 - 26*d + 30. Let a be g(29). Suppose 2*x = -2*x + 2*f + 56, -3*x = -f - 41. What is the greatest common divisor of a and x?
13
Suppose 2*q = -38 + 6. Let c be -15*1/(6/q). Suppose 0 = -j + c. Calculate the greatest common factor of 16 and j.
8
Let o be (-2)/13 - (-4906)/286 - 5. Calculate the greatest common factor of o and 60.
12
Suppose 3*v - 45 = -2*v. Let i be 3/(-12)*0 - 108/(-2). Calculate the highest common divisor of v and i.
9
Let j(i) = 3*i**2 - 5*i + 2. Let r be (-5)/30 - (-93)/18. Let a be j(r). Let f = a + -25. What is the highest common factor of f and 18?
9
Suppose 0 = -4*g + 131 + 289. What is the highest common divisor of g and 14?
7
Let o = -32 + 26. Let a be (-1)/o - (-185)/6. Let s = a - 21. What is the highest common factor of s and 80?
10
Suppose 14 = s + a - 6*a, 0 = 2*a - 8. Calculate the greatest common divisor of 119 and s.
17
Suppose 2 + 22 = 4*c. Suppose -12 = -4*l + 12. Calculate the highest common divisor of c and l.
6
Let m = -187 + 229. What is the highest common factor of m and 12?
6
Suppose -68*q + 69*q + v - 2 = 0, 5*q + 2*v = 19. What is the highest common factor of 125 and q?
5
Suppose 0 = 4*a - 2*a - 2*m - 12, -m - 16 = -3*a. Let l(b) = -4*b - 4 + b - a + 3. Let x be l(-8). What is the greatest common divisor of x and 18?
18
Let x be (-10980)/(-28) + (-1)/7. Suppose -u = -2*o + x, 5*u = -o - 3*o + 812. Calculate the highest common divisor of o and 22.
22
Let s = -795 - -862. Calculate the greatest common divisor of s and 536.
67
Suppose 30*g - 1230 - 360 = 0. Calculate the greatest common divisor of g and 53.
53
Let i(x) = -11*x - 18. Let q be i(-9). Suppose 2*g - 66 = -2*r, 4*r - 5*g + 53 = 5*r. Let f = r - 19. What is the highest common divisor of q and f?
9
Let n = -39 - -47. Suppose 2*g = y + n, -5*y + 16 = -3*g + 7*g. What is the highest common factor of g and 56?
4
Suppose 21 = 2*k - 1. Let i = -478 + 555. Calculate the highest common divisor of i and k.
11
Let w be (-5 - 78/(-12))/(6/52). Let k(t) = -57*t + 1. Let h be k(5). Let c = -180 - h. What is the greatest common factor of c and w?
13
Suppose 7*h - 9*h = -4. Suppose -f + h*f - 3 = 0. Suppose 39 = -f*a + 6*a. Calculate the greatest common factor of 52 and a.
13
Let j = -248 + 278. What is the greatest common divisor of 24 and j?
6
Suppose 20*v - 21 = 19*v. What is the greatest common factor of 483 and v?
21
Suppose 0*n = -7*n + 448. Let k = -28 + n. What is the greatest common factor of 4 and k?
4
Let j = 18 - 20. Let d be (j/(-3)*-3)/(4/(-38)). What is the greatest common factor of d and 133?
19
Let w be (0 - -4) + 1*-1. Let k be (-4)/(-1)*(-8)/(-16). Suppose -k*f = w*f - 1210. What is the greatest common divisor of f and 22?
22
Let t = -441 + 481. Let x be 43/9 + (-6)/(-27). What is the highest common divisor of t and x?
5
Let w be 187/4 + 45/36. Let j = w - 39. Calculate the greatest common factor of j and 18.
9
Suppose 1024 = 7*q - 5. Suppose l - 6*l + 105 = 0. What is the highest common divisor of q and l?
21
Let s(z) = 57*z**3 - 1. Let l be s(1). Let r = l - -24. Suppose o - 3 - 7 = 0. What is the highest common divisor of o and r?
10
Suppose 57*c - 62*c + 90 = 0. Let f(j) = 12*j - 81. Let a be f(c). Calculate the greatest common divisor of 15 and a.
15
Let s = -432 - -549. Calculate the greatest common factor of s and 54.
9
Suppose 24*w - 112 = 8*w. Calculate the greatest common divisor of 14 and w.
7
Let z(p) = -2 - 69*p**3 - 6*p**2 + 4*p + 13 - 19*p + 70*p**3. Let c be z(8). What is the highest common factor of 95 and c?
19
Suppose -b = -5*b - 32. Let j be 5/1 - (b - -8). What is the highest common factor of 40 and j?
5
Let t be (-4 + 5)/(1/13). Suppose -3 = -4*u - 23. Let q be ((-1287)/55)/(1/u). What is the greatest common divisor of q and t?
13
Suppose 7 = 2*l - 53. Let w = 1513 - 1463. What is the greatest common factor of l and w?
10
Let l be 54 - ((-2)/(-5) - (-28)/(-20)). Calculate the greatest common factor of l and 935.
55
Suppose -134 = 2*i - 242. What is the highest common factor of 342 and i?
18
Suppose 10 = 2*p - 12. Let c(b) = 21*b**2 - 8*b - 7. Let q be c(-1). What is the greatest common divisor of p and q?
11
Suppose 0 = -3*j - 3*o - 24, 5*j + o + 7 = -45. Let w(s) = s**3 + 11*s**2 - 6*s - 16. Let a be w(j). What is the highest common divisor of a and 20?
10
Suppose 4*d = -14 + 6. Let i = 3 - d. Suppose -5*y + 4*p = -3*y - 52, i*y - 94 = p. Calculate the greatest common factor of 9 and y.
9
Suppose 0 = 4*l - 4, 0 = -0*s + 2*s - 3*l - 89. Suppose 64 - 13 = m. Suppose 4*f - m - 409 = 0. What is the highest common factor of s and f?
23
Let i = -443 - -673. Calculate the highest common divisor of i and 92.
46
Let j(x) = -55*x + 1767. Let b be j(32). Let h = 1 + 4. Suppose -w = -3, h*c - 265 = 5*w - 0*w. What is the highest common factor of b and c?
7
Suppose -6*n = -15 + 3. Let m be (-431)/(-6) + n/12. Calculate the highest common divisor of 48 and m.
24
Let w = -43 - -74. Let y = 10 + w. Calculate the highest common divisor of 123 and y.
41
Let b be ((-260)/((-80)/8))/((-2)/(-1)). What is the greatest common divisor of 1781 and b?
13
Let h(o) = -o**2 + 14*o + 27. Let d be h(13). What is the greatest common divisor of 25 and d?
5
Suppose -93*i + 7*i + 106812 = 0. What is the greatest common divisor of i and 46?
46
Suppose 5*l = -2*v + 30, -2*v + 3*l - 5 = -35. Let u = v - 11. Let y(k) = 3*k - 6. Let j be y(u). Calculate the greatest common factor of 12 and j.
6
Let f be -2 - 9/((-45)/1385). Let c be (4 - 5)*(-2 + 1). Let q be (-25)/(c*-2 - -1). Calculate the highest common divisor of q and f.
25
Suppose 6*p - 102 = 23*p. Let l be 7/(-189)*p - (-32)/18. Calculate the highest common factor of l and 2.
2
Let f be ((-3)/9*-21)/(-1). Let i be (f + 8)/((-2)/(-42)). What is the greatest common divisor of i and 21?
21
Let f be (12/5)/(9/330). Suppose -4*n + 46 = -y, -n - 12 = -5*y - 33. What is the highest common factor of n and f?
11
Suppose -9*k + 8*k - 1 = 0. Let g = k - -11. Let d(a) = 25*a**3 - a**2 + a. Let w be d(1). What is the greatest common divisor of g and w?
5
Let m(f) = f**2 + 7*f + 150. Let j be m(-35). What is the greatest common factor of j and 10?
10
Suppose -10*v - 44 = -12*v. Suppose -3*k = -7*k + 408. Let n = k + -47. What is the highest common divisor of v and n?
11
Let x(d) = 149 + 4*d**2 - 2*d - 71 